at is the thousands digit of 4/(-6) + (10/30)/((-1)/(-3521))?
1
Suppose 1984675 = 6282*t - 6205*t. What is the hundreds digit of t?
7
Suppose -22*w + 18*w = -97*w + 214830. What is the tens digit of w?
1
Let g be 1020/9*204/8. Suppose 43*i - 33*i = g. What is the tens digit of i?
8
Let p(y) = y**3 - 2*y**2 - 7*y + 19. Let c be p(2). Suppose 3*n - 3249 = -r, -r = -4*n + c*n - 1081. What is the hundreds digit of n?
0
Let v(y) = -y**3 - 39*y**2 - 62*y + 46. Let w be (2/(-3))/(44/2508). What is the hundreds digit of v(w)?
9
Let w = -122 - -72. Let n = 160 + -76. Let h = w + n. What is the tens digit of h?
3
Let x = -167 - -172. What is the hundreds digit of -5*(-1)/x + 766/2?
3
Suppose -12 = 4*s + 196. Let i = s + 90. Suppose 27 = c - i. What is the tens digit of c?
6
Suppose 0 = -17*n - 10*n - 135. What is the hundreds digit of (-665)/(-10)*(n - -19)?
9
Suppose -2*q = -7*q - 5*i - 100, 0 = 5*q + 2*i + 103. Let c = q + -69. Let p = 12 - c. What is the tens digit of p?
0
Suppose 5*r - 2228 = -10378. Let f be (r/(-25))/((-6)/(-15)). Suppose -3*b - 7 = -f. What is the tens digit of b?
5
Let t be 1 + 16/(-2) - -11. Suppose 0 = 8*d - 7*d + t*h - 859, 0 = -3*d + 2*h + 2535. What is the units digit of d?
7
Let n(w) = w**2 + 15*w + 55. Let t be n(-5). Suppose 152 = u + 3*v - 5*v, -t*v + 760 = 5*u. What is the tens digit of u?
5
Suppose 0 = 183*f - 186*f + 19314. What is the hundreds digit of f?
4
Let t(m) = 3*m + 2. Let o be t(-2). Let i(d) = -d**3 + 11*d**2 + 24*d + 21. Let u be i(13). What is the units digit of 70 - u/(10/o)?
8
Suppose 5*s - 7106 = -4*j + 4538, 14555 = 5*j - s. What is the tens digit of j?
1
What is the units digit of 40/60 - (-3484)/12?
1
Let c be 18 - (24/(-3) - -1). What is the hundreds digit of c/((6 + -8)/((-280)/4))?
8
Let x(n) = -4*n - 37. Let t be x(-10). Let k(z) = 48*z**3 - 4*z**2 + 18*z - 4. What is the tens digit of k(t)?
1
Let n = -351 + 341. Let r(b) = 6*b**2 + 10*b - 43. What is the units digit of r(n)?
7
Let k = -430 - -435. Suppose -k*w + 754 = u, 2*w + 3131 = 4*u - w. What is the units digit of u?
9
Let a(u) = 2*u + 1. Let k(v) = 19*v - 24. Let q(d) = 4*a(d) - k(d). Suppose -3*r = 3*m + 39, -3*m + m - 24 = 4*r. What is the units digit of q(m)?
2
What is the hundreds digit of (-7 - (20 - 44))/(3/1428)?
0
Let j(h) = h**3 - h**2 - 702. Let s be j(0). Let f be (5/(-2))/(27/s). Suppose -161 = -3*k - z + 6*z, -k - 4*z + f = 0. What is the units digit of k?
7
Let i(j) = j**2 + 5*j + 5. Let t be i(-5). Suppose -t*u - 1027 = -4*o, -27*u = 4*o - 22*u - 1037. What is the units digit of o?
8
Suppose 82*g - 879067 = 1243011. What is the thousands digit of g?
5
Let m be 15*((-52)/(-12) - 4). Suppose 25 = v + 5*r, -6*r = m*v - r - 25. Suppose v = 2*j - 3*j + 95. What is the tens digit of j?
9
Suppose 14*h + 22*h = 7740. What is the units digit of h?
5
Let v(m) = -357*m + 102. Let p be v(-17). Suppose -3135 = -18*c + p. What is the units digit of c?
7
Let s = 19779 - 11859. What is the hundreds digit of s?
9
Suppose 2*x = -5*f + 398, 3*x - 318 - 84 = -5*f. What is the tens digit of (-13)/(f/2745)*-2?
1
Suppose -26*s - 94*s + 823560 = 0. What is the hundreds digit of s?
8
Let k = 66 + 14. What is the tens digit of (-7 + 1)/((-6)/k)?
8
Suppose 10*b + 893 = 6*b + o, 5*o + 239 = -b. Let a = b + 352. What is the tens digit of a?
2
Let c = -91 - -95. Suppose -c*m = -2*b + 1302, 3*b + 4*m - 1925 = 3*m. What is the tens digit of b?
4
Let b = -15080 - -27732. What is the tens digit of b?
5
Suppose 61*d - 51704 = 4037553. What is the hundreds digit of d?
0
Let g(j) = 5*j**2 + 10*j + 45. Let o be g(-6). Let x be 7/14 + 4/(24/o). Suppose s - x = 5*t + 170, -5*s = -t - 1086. What is the hundreds digit of s?
2
Let y(k) = k**2 - 23*k - 28. Let r be y(29). Let b = 249 - r. What is the tens digit of b?
0
What is the thousands digit of ((-282)/5)/(12/(-980))?
4
Let j = 22617 + -19037. What is the hundreds digit of j?
5
Let f = 11306 + 5778. What is the thousands digit of f?
7
Let q(z) = 7*z + 7. Let t be q(4). Suppose 5*a + p + 9 = 32, -5*a + t = -5*p. Suppose 11 = a*s + 6. What is the units digit of s?
1
Let s(n) = 3*n**2 - 6*n + 11. Let r be s(8). Suppose v + 35 = 2*a, 5*v - 2*v = -4*a - r. What is the tens digit of (71/5)/((-9)/v)?
7
Suppose -22 = -0*y - 2*y. Suppose -s - 2 + 5 = 0, 3*s + y = 4*g. Suppose 8*t = 4*t + 3*c + 222, g*t - c = 283. What is the units digit of t?
7
Let u be (-10)/(-65) + 3976/13. Suppose 4*v - 3*v + 4*x - u = 0, 0 = -5*v - 2*x + 1476. What is the hundreds digit of v?
2
Suppose q + 4*h + 13 = 0, 3*q + 4*h + 7 + 0 = 0. Suppose -22 - 50 = -q*l. Let b(v) = v - 9. What is the units digit of b(l)?
5
What is the thousands digit of (-3)/2*(12 + (-114264)/23)?
7
Suppose -p - s = -5*p + 1542, 0 = -4*p - 4*s + 1552. Let v = -110 + p. What is the tens digit of v?
7
Suppose 3*r = -5*y + 141, -5*r + 2*r + 6 = 0. What is the hundreds digit of (-4)/18 - (-24846)/y?
9
Let b(u) be the second derivative of -u**5/10 + 14*u**4/3 - 17*u**3/3 - 43*u**2/2 + 171*u. What is the hundreds digit of b(27)?
4
Let g = 156 - 106. Let o be 510/9*(-2 + g/4). Suppose -3*u - 4*h = -o, -3*h - 7 + 1 = 0. What is the units digit of u?
1
Let l = -1909 + 4210. What is the hundreds digit of l?
3
Let c = 33979 + -19264. What is the tens digit of c?
1
Let q be (-4)/(-26) + (-82)/26. What is the tens digit of (-20)/8*(-214 - 3 - q)?
3
Let g = -14634 + 26295. What is the hundreds digit of g?
6
Let d(z) = 2*z**2 - 30*z - 1. Suppose 2 + 11 = y. Let t be d(y). Let c = t + 96. What is the units digit of c?
3
Let r(v) = 30*v**2 + 6*v**3 - 7*v**2 - 24*v**2 - 4. What is the tens digit of r(4)?
6
What is the thousands digit of (-15)/(-150)*30 + 29737?
9
Suppose 0 = 4*g + g - 20. Suppose 5*c - c = -3*q + 24, -q - 8 = -g*c. Suppose 0 = -2*r + 3*b + 74, -2*r + q*b = 27 - 99. What is the units digit of r?
0
Let b(u) = -u**2 + 13*u + 3. Let t be b(12). Let x = 25 - t. Suppose -2*i = 5*q + 3*i - x, -q - 4*i + 5 = 0. What is the units digit of q?
1
Let h(t) = 1088*t**2 - 29*t - 29. What is the hundreds digit of h(-5)?
3
Let j = -10 - 359. Let b = 639 + j. What is the hundreds digit of b?
2
Let b(t) = -28*t - 150 - 44*t + 117*t. What is the hundreds digit of b(15)?
5
Suppose 3*g - 53 = -59. Let s(b) = -147*b**3 + b**2 - b + 2. Let j be s(g). Suppose 4*x = -4*x + j. What is the units digit of x?
8
Let r be -5 + 8 + (9/3)/(-1). Suppose 2*m - 10 = r, -5*a + 3*m + 858 = -427. Suppose -a = 7*f - 11*f. What is the units digit of f?
5
Suppose -g + 0*g - 6 = -2*t, -4*g - 16 = -4*t. Suppose 9 = t*m - 5*m. Let v = m + 21. What is the tens digit of v?
1
Let z(a) = -3*a**2 + 3*a - 9. Let i(n) = -57*n**2 + 27*n**2 - 17 + 6*n + 23*n**2. Let u(o) = 2*i(o) - 5*z(o). What is the units digit of u(8)?
1
Suppose -8*y - 12 = -5*y, -2*b - y + 20450 = 0. What is the ten thousands digit of b?
1
Suppose 0 = -0*f + 5*f + 120. Let p = f + 1686. What is the thousands digit of p?
1
What is the units digit of ((-8706)/(-4))/(1020/(-264) - -4)?
1
Let x be (-348216)/165 - 2/(-5). Suppose -3*n - 156 = 3*n. What is the tens digit of 10/(-65) - (0 - x/n)?
8
Suppose -3203744 = 172*g - 384*g. What is the thousands digit of g?
5
Suppose b = 2*p + 2*b - 146, b = -5*p + 362. Let a be 41/(451/66) - 4. Suppose a*l - p = 142. What is the units digit of l?
7
Suppose g = 6949 + 1882. What is the units digit of g?
1
Let v = 73 - 42. Let t = v - 31. Suppose -5*q - 2*k + 108 = t, 4*q + k = -k + 88. What is the units digit of q?
0
Suppose 5*w = -8*d + 305939, d = -2*d - 3*w + 114726. What is the hundreds digit of d?
2
Let m(a) = 12*a - 20. Let f = 262 - 122. Let n = -131 + f. What is the tens digit of m(n)?
8
Let o = 5329 + -1300. What is the hundreds digit of o?
0
Let j(x) = 3*x**2 + 22*x + 4. Let o be j(14). Suppose -10*b + o = -7*b. What is the units digit of b?
0
Let w(a) be the first derivative of 5*a**2 - 7*a - 46. Let g(s) = -9*s + 6. Let j(d) = 5*g(d) + 4*w(d). What is the hundreds digit of j(-20)?
1
Let n(y) = 8*y + 48. Let t be n(-6). Let h(m) = m + 304. What is the units digit of h(t)?
4
Let n be 31/(1*6/24). Let j(b) = 4*b + 12. Let h be j(-9). Let d = h + n. What is the hundreds digit of d?
1
Let y = -105763 + 150967. What is the thousands digit of y?
5
Let y = -2443 - -18111. What is the ten thousands digit of y?
1